{"id":33,"date":"2020-05-14T08:12:16","date_gmt":"2020-05-14T08:12:16","guid":{"rendered":"https:\/\/kunde.mine-specs.de\/?page_id=33"},"modified":"2020-07-06T12:05:00","modified_gmt":"2020-07-06T12:05:00","slug":"verkauf","status":"publish","type":"page","link":"https:\/\/laborplanung-braun.de\/?page_id=33","title":{"rendered":"Verkauf"},"content":{"rendered":"\n<p>Arbeiten, die besondere Gefahren verursachen k\u00f6nnen, bed\u00fcrfen besonderer Sicherheitsma\u00dfnahmen.<\/p>\n\n\n\n<p> An Arbeitspl\u00e4tzen, an denen mit Chemikalien gearbeitet wird und Schadstoffe entstehen k\u00f6nnen, werden Laborabz\u00fcge eingesetzt, um diese von den Mitarbeitern fernzuhalten.<\/p>\n\n\n\n<p>Sicherheit steht bei Arbeiten im Labor an erster Stelle: Damit das Gef\u00e4hrdungpotential f\u00fcr Sie und Ihre Mitarbeiter auf ein Minimum reduziert wird, m\u00fcssen Chemikalien in speziellen daf\u00fcr vorgesehenen Schr\u00e4nken gelagert werden<\/p>\n\n\n\n<p>Qualitativ hochwertige Laboreinrichtung, ganz nach Ihren Anforderungsprofil, optimal aufeinander abgestimmt und problemlos nachr\u00fcstbar.<\/p>\n\n\n\n<div class=\"wp-block-group alignfull is-layout-flow wp-block-group-is-layout-flow\"><div class=\"wp-block-group__inner-container\"><\/div><\/div>\n\n\n\n<p><\/p>\n","protected":false},"excerpt":{"rendered":"<p>Arbeiten, die besondere Gefahren verursachen k\u00f6nnen, bed\u00fcrfen besonderer Sicherheitsma\u00dfnahmen. An Arbeitspl\u00e4tzen, an denen mit Chemikalien gearbeitet wird und Schadstoffe entstehen k\u00f6nnen, werden [&hellip;]<\/p>\n","protected":false},"author":1,"featured_media":116,"parent":0,"menu_order":0,"comment_status":"closed","ping_status":"closed","template":"","meta":{"footnotes":""},"class_list":["post-33","page","type-page","status-publish","has-post-thumbnail","hentry"],"yoast_head":"<!-- This site is optimized with the Yoast SEO plugin v24.2 - https:\/\/yoast.com\/wordpress\/plugins\/seo\/ -->\n<title>Verkauf - ING.-B\u00dcRO OTTO BRAUN GmbH<\/title>\n<meta name=\"robots\" content=\"index, follow, max-snippet:-1, max-image-preview:large, max-video-preview:-1\" \/>\n<link rel=\"canonical\" href=\"https:\/\/laborplanung-braun.de\/?page_id=33\" \/>\n<meta property=\"og:locale\" content=\"de_DE\" \/>\n<meta property=\"og:type\" content=\"article\" \/>\n<meta property=\"og:title\" content=\"Verkauf - ING.-B\u00dcRO OTTO BRAUN GmbH\" \/>\n<meta property=\"og:description\" content=\"Arbeiten, die besondere Gefahren verursachen k\u00f6nnen, bed\u00fcrfen besonderer Sicherheitsma\u00dfnahmen. An Arbeitspl\u00e4tzen, an denen mit Chemikalien gearbeitet wird und Schadstoffe entstehen k\u00f6nnen, werden [&hellip;]\" \/>\n<meta property=\"og:url\" content=\"https:\/\/laborplanung-braun.de\/?page_id=33\" \/>\n<meta property=\"og:site_name\" content=\"ING.-B\u00dcRO OTTO BRAUN GmbH\" \/>\n<meta property=\"article:modified_time\" content=\"2020-07-06T12:05:00+00:00\" \/>\n<meta property=\"og:image\" content=\"https:\/\/laborplanung-braun.de\/wp-content\/uploads\/2020\/05\/Unbenannt.png\" \/>\n\t<meta property=\"og:image:width\" content=\"751\" \/>\n\t<meta property=\"og:image:height\" content=\"444\" \/>\n\t<meta property=\"og:image:type\" content=\"image\/png\" \/>\n<meta name=\"twitter:card\" content=\"summary_large_image\" \/>\n<script type=\"application\/ld+json\" class=\"yoast-schema-graph\">{\"@context\":\"https:\/\/schema.org\",\"@graph\":[{\"@type\":\"WebPage\",\"@id\":\"https:\/\/laborplanung-braun.de\/?page_id=33\",\"url\":\"https:\/\/laborplanung-braun.de\/?page_id=33\",\"name\":\"Verkauf - ING.-B\u00dcRO OTTO BRAUN GmbH\",\"isPartOf\":{\"@id\":\"https:\/\/laborplanung-braun.de\/#website\"},\"primaryImageOfPage\":{\"@id\":\"https:\/\/laborplanung-braun.de\/?page_id=33#primaryimage\"},\"image\":{\"@id\":\"https:\/\/laborplanung-braun.de\/?page_id=33#primaryimage\"},\"thumbnailUrl\":\"https:\/\/laborplanung-braun.de\/wp-content\/uploads\/2020\/05\/Unbenannt.png\",\"datePublished\":\"2020-05-14T08:12:16+00:00\",\"dateModified\":\"2020-07-06T12:05:00+00:00\",\"breadcrumb\":{\"@id\":\"https:\/\/laborplanung-braun.de\/?page_id=33#breadcrumb\"},\"inLanguage\":\"de\",\"potentialAction\":[{\"@type\":\"ReadAction\",\"target\":[\"https:\/\/laborplanung-braun.de\/?page_id=33\"]}]},{\"@type\":\"ImageObject\",\"inLanguage\":\"de\",\"@id\":\"https:\/\/laborplanung-braun.de\/?page_id=33#primaryimage\",\"url\":\"https:\/\/laborplanung-braun.de\/wp-content\/uploads\/2020\/05\/Unbenannt.png\",\"contentUrl\":\"https:\/\/laborplanung-braun.de\/wp-content\/uploads\/2020\/05\/Unbenannt.png\",\"width\":751,\"height\":444},{\"@type\":\"BreadcrumbList\",\"@id\":\"https:\/\/laborplanung-braun.de\/?page_id=33#breadcrumb\",\"itemListElement\":[{\"@type\":\"ListItem\",\"position\":1,\"name\":\"Home\",\"item\":\"https:\/\/laborplanung-braun.de\/\"},{\"@type\":\"ListItem\",\"position\":2,\"name\":\"Verkauf\"}]},{\"@type\":\"WebSite\",\"@id\":\"https:\/\/laborplanung-braun.de\/#website\",\"url\":\"https:\/\/laborplanung-braun.de\/\",\"name\":\"ING.-B\u00dcRO OTTO BRAUN GmbH\",\"description\":\"\",\"potentialAction\":[{\"@type\":\"SearchAction\",\"target\":{\"@type\":\"EntryPoint\",\"urlTemplate\":\"https:\/\/laborplanung-braun.de\/?s={search_term_string}\"},\"query-input\":{\"@type\":\"PropertyValueSpecification\",\"valueRequired\":true,\"valueName\":\"search_term_string\"}}],\"inLanguage\":\"de\"}]}<\/script>\n<!-- \/ Yoast SEO plugin. -->","yoast_head_json":{"title":"Verkauf - ING.-B\u00dcRO OTTO BRAUN GmbH","robots":{"index":"index","follow":"follow","max-snippet":"max-snippet:-1","max-image-preview":"max-image-preview:large","max-video-preview":"max-video-preview:-1"},"canonical":"https:\/\/laborplanung-braun.de\/?page_id=33","og_locale":"de_DE","og_type":"article","og_title":"Verkauf - ING.-B\u00dcRO OTTO BRAUN GmbH","og_description":"Arbeiten, die besondere Gefahren verursachen k\u00f6nnen, bed\u00fcrfen besonderer Sicherheitsma\u00dfnahmen. An Arbeitspl\u00e4tzen, an denen mit Chemikalien gearbeitet wird und Schadstoffe entstehen k\u00f6nnen, werden [&hellip;]","og_url":"https:\/\/laborplanung-braun.de\/?page_id=33","og_site_name":"ING.-B\u00dcRO OTTO BRAUN GmbH","article_modified_time":"2020-07-06T12:05:00+00:00","og_image":[{"width":751,"height":444,"url":"https:\/\/laborplanung-braun.de\/wp-content\/uploads\/2020\/05\/Unbenannt.png","type":"image\/png"}],"twitter_card":"summary_large_image","schema":{"@context":"https:\/\/schema.org","@graph":[{"@type":"WebPage","@id":"https:\/\/laborplanung-braun.de\/?page_id=33","url":"https:\/\/laborplanung-braun.de\/?page_id=33","name":"Verkauf - ING.-B\u00dcRO OTTO BRAUN GmbH","isPartOf":{"@id":"https:\/\/laborplanung-braun.de\/#website"},"primaryImageOfPage":{"@id":"https:\/\/laborplanung-braun.de\/?page_id=33#primaryimage"},"image":{"@id":"https:\/\/laborplanung-braun.de\/?page_id=33#primaryimage"},"thumbnailUrl":"https:\/\/laborplanung-braun.de\/wp-content\/uploads\/2020\/05\/Unbenannt.png","datePublished":"2020-05-14T08:12:16+00:00","dateModified":"2020-07-06T12:05:00+00:00","breadcrumb":{"@id":"https:\/\/laborplanung-braun.de\/?page_id=33#breadcrumb"},"inLanguage":"de","potentialAction":[{"@type":"ReadAction","target":["https:\/\/laborplanung-braun.de\/?page_id=33"]}]},{"@type":"ImageObject","inLanguage":"de","@id":"https:\/\/laborplanung-braun.de\/?page_id=33#primaryimage","url":"https:\/\/laborplanung-braun.de\/wp-content\/uploads\/2020\/05\/Unbenannt.png","contentUrl":"https:\/\/laborplanung-braun.de\/wp-content\/uploads\/2020\/05\/Unbenannt.png","width":751,"height":444},{"@type":"BreadcrumbList","@id":"https:\/\/laborplanung-braun.de\/?page_id=33#breadcrumb","itemListElement":[{"@type":"ListItem","position":1,"name":"Home","item":"https:\/\/laborplanung-braun.de\/"},{"@type":"ListItem","position":2,"name":"Verkauf"}]},{"@type":"WebSite","@id":"https:\/\/laborplanung-braun.de\/#website","url":"https:\/\/laborplanung-braun.de\/","name":"ING.-B\u00dcRO OTTO BRAUN GmbH","description":"","potentialAction":[{"@type":"SearchAction","target":{"@type":"EntryPoint","urlTemplate":"https:\/\/laborplanung-braun.de\/?s={search_term_string}"},"query-input":{"@type":"PropertyValueSpecification","valueRequired":true,"valueName":"search_term_string"}}],"inLanguage":"de"}]}},"_links":{"self":[{"href":"https:\/\/laborplanung-braun.de\/index.php?rest_route=\/wp\/v2\/pages\/33","targetHints":{"allow":["GET"]}}],"collection":[{"href":"https:\/\/laborplanung-braun.de\/index.php?rest_route=\/wp\/v2\/pages"}],"about":[{"href":"https:\/\/laborplanung-braun.de\/index.php?rest_route=\/wp\/v2\/types\/page"}],"author":[{"embeddable":true,"href":"https:\/\/laborplanung-braun.de\/index.php?rest_route=\/wp\/v2\/users\/1"}],"replies":[{"embeddable":true,"href":"https:\/\/laborplanung-braun.de\/index.php?rest_route=%2Fwp%2Fv2%2Fcomments&post=33"}],"version-history":[{"count":4,"href":"https:\/\/laborplanung-braun.de\/index.php?rest_route=\/wp\/v2\/pages\/33\/revisions"}],"predecessor-version":[{"id":146,"href":"https:\/\/laborplanung-braun.de\/index.php?rest_route=\/wp\/v2\/pages\/33\/revisions\/146"}],"wp:featuredmedia":[{"embeddable":true,"href":"https:\/\/laborplanung-braun.de\/index.php?rest_route=\/wp\/v2\/media\/116"}],"wp:attachment":[{"href":"https:\/\/laborplanung-braun.de\/index.php?rest_route=%2Fwp%2Fv2%2Fmedia&parent=33"}],"curies":[{"name":"wp","href":"https:\/\/api.w.org\/{rel}","templated":true}]}}